2*m + 5*g, m + 3*g = -10 - 0. Suppose 2*l + 16 = m*b + 62, 0 = -4*l + 2*b + 92. Is l a prime number?
True
Let s = -9 - 2. Let b(w) be the second derivative of -w**4/12 - 11*w**3/6 + 7*w**2/2 - w. Is b(s) a composite number?
False
Let l(o) be the second derivative of 391*o**4/12 + o**3/6 - 3*o**2/2 + 7*o. Is l(-2) a prime number?
True
Let c(x) = x**3 + 8*x**2 - 7*x - 6. Let y = -15 - -11. Let t be c(y). Let m = t + -51. Is m prime?
False
Suppose 4*x - 2*u = -u + 9, 0 = -5*x + 4*u + 14. Let b(c) = c**3 + 0 + 1 + c**2 + c**x + 4*c - 3. Is b(3) composite?
True
Suppose -2*g = -5*i + 14595, -i + 3*g = -3773 + 867. Is i composite?
True
Suppose 4*v + 75 + 537 = 0. Let y = -41 - v. Let l = y + 3. Is l composite?
True
Let l be 27*(5 - 3)/2. Let b = 32 - l. Suppose -5*r + b*q + 290 = 0, -r = -2*r + 4*q + 46. Is r prime?
False
Let o = -191 - -109. Let l = o + 161. Is l a composite number?
False
Let j = 1 - -5. Suppose -x = d - 2*x - 9, 0 = 2*x + j. Let h(y) = 8*y**2 - 7*y + 5. Is h(d) prime?
True
Let v be -4 + 90/12 + (-1)/2. Suppose 4*m + v*n - 239 = 0, 2*m = -2*m + 4*n + 232. Is m a composite number?
False
Let c = 2452 + -359. Suppose r = -6*r + c. Is r prime?
False
Suppose 3*q = 3*y - 6681, -2*q - 2178 = -3*y + 4508. Suppose -r + 2*b + 734 = 7*b, 3*r + 5*b = y. Is r prime?
False
Let k = 23458 + -15559. Is k composite?
True
Let g be (-2)/7*(2 + -9). Suppose 4*u - 17 - 2987 = 2*j, -5*j - 1502 = -g*u. Is u a prime number?
True
Let j = 11848 - 5691. Is j a prime number?
False
Suppose -7*s = -6141 - 21782. Is s a prime number?
True
Let i = -138 + 140. Suppose n = 4*z - 7627, 3810 = i*z - 13*n + 9*n. Is z prime?
True
Suppose 4*n = -17*m + 14*m + 14032, n + m - 3509 = 0. Is n a prime number?
False
Let q(w) = -13989*w - 3. Let k be q(-1). Suppose -4*m - 2710 = -k. Is m composite?
False
Suppose -7 = -4*d + 5*q - 6*q, 0 = 4*q + 20. Is 41/d - (-10)/30 composite?
True
Let u be -1*(-2)/(-6)*-2*12. Suppose -u*s + 4963 = -2645. Is s a composite number?
True
Is (1167/(-4))/(21/(-308)) prime?
False
Let g(w) = -w**3 - 10*w**2 - 9*w + 4. Let x be g(-9). Suppose -4*n + 1014 = 2*m, -n - 748 = -x*n + m. Is n a composite number?
False
Suppose -18*o + 163451 = -9871. Is o prime?
True
Let p = -14 - -11. Let x = p + 16. Suppose x*y = 8*y + 635. Is y a prime number?
True
Is 1*((-639)/(-27))/((-2)/(-6)) composite?
False
Suppose -46*b + 82022 = -44*b. Is b a prime number?
True
Let z(q) = 1768*q + 127. Is z(3) a prime number?
True
Suppose 2*p + 4*v - 23626 = 0, 5*p + 5*v - 10879 - 48201 = 0. Is p prime?
False
Let l = 0 - -2. Suppose -5*g - 7 = -l. Is ((-7)/(-14))/(g/(-478)) a composite number?
False
Let s = 409 + 964. Is s a prime number?
True
Is (-2707)/(110/(-70) - 4/(-7)) prime?
True
Let q = -4438 + 2170. Let f = q + 5519. Is f a prime number?
True
Let c(m) = 98*m**2 + 9*m + 6. Let u be c(-7). Suppose -10*w + 15*w = u. Let z = w + -318. Is z composite?
False
Let n be 41/8 + 6/(-48). Let y(x) = x**3 - 5*x**2 + 2*x - 6. Let s be y(n). Suppose -s*u - 105 = -853. Is u composite?
True
Let c be (-4)/(-4) - -1*(-2 + 685). Is 2/1*c/24 a composite number?
True
Let i = -17 + 17. Suppose -2*l + 2*c - c - 10 = i, c = 4. Is (-518)/l*9/6 composite?
True
Suppose -2*z = -161 - 123. Is 84/(-24)*z/(-1) prime?
False
Let p(u) = -u**3 + 2*u**2 - 3. Let w be 30/25*10/4. Let n be p(w). Let m = 37 + n. Is m a composite number?
True
Let n(q) = 8*q**2 - 4*q - 6. Suppose 8 - 28 = 4*g. Is n(g) prime?
False
Suppose h + 6*h = 0. Suppose -2*z + h = -3*r - 79, -2*r + 29 = z. Is z a composite number?
True
Let a(s) = -18*s - 13. Is a(-8) prime?
True
Is 5326056/(-144)*2/(-3)*3 composite?
False
Let k = 529 + -107. Is k prime?
False
Let p(l) = 191*l**3 - l**2 - 9*l + 6. Is p(3) a prime number?
False
Let j = -4142 - -7561. Is j composite?
True
Suppose 0 = -2*r + 4*s + 20, -5*r + 2*s = -50. Suppose 0 = -r*w + 11357 + 16953. Is w composite?
True
Let h(t) = 7*t**3 - 13*t**2 + 22*t + 11. Is h(8) a prime number?
True
Suppose -3*l + 399 = 5*r - 36, 5*l + 4*r - 725 = 0. Is l composite?
True
Let u be 1/(-3) + (-122)/(-6). Suppose 4*r = 2*r + u. Is r prime?
False
Suppose -9*g = -3*g - 6. Let h = 36 + g. Is h prime?
True
Let q(l) = -36*l - 57. Is q(-16) prime?
False
Let a(w) = 0 + w**2 - 1 + 271*w**3 + 34*w**3. Let s be a(1). Suppose 4*c - 5*c = 4*o - s, 3*o = 2*c - 610. Is c a prime number?
False
Let n(g) = 204*g**2 + 11*g + 3. Is n(-2) composite?
False
Let z = -22341 + 47446. Is z a prime number?
False
Is 1519*(-5 + 7) - 1 prime?
True
Suppose 3*y - 2*q = 21058, -10*y - 5*q - 7002 = -11*y. Is y prime?
False
Suppose -2*i + 1462 = m - 496, 0 = -2*m + i + 3936. Suppose 5*k + 3*v - m = 2*v, -5*k + 1964 = -v. Is k composite?
True
Suppose 30689 = 23*f + 4216. Is f a prime number?
True
Suppose 2*j + 5*z + 749 = 3346, -j + 1294 = z. Is j a prime number?
True
Suppose -5*c + 56 = i, -i = -c - 0*c - 74. Suppose -i - 227 = -2*b. Is b prime?
True
Let a(h) = -945*h + 325. Is a(-16) a composite number?
True
Let s be (6 + -6)*3/(-6). Suppose -3*c + 0*c + 237 = s. Is c prime?
True
Let q = -36 + 14. Let w = 25 + q. Suppose 0 = -l + w*l - 758. Is l a composite number?
False
Let t(m) = 6*m**2 + 4*m + 1. Let l be t(-1). Suppose 0 = -5*s - l*s + 3992. Is s prime?
True
Let h be 0*(1 + 4 + -4). Is -7 + 8 - (h + 2 - 202) composite?
True
Suppose u - 5*h = -0*u + 20, -3*h - 12 = 5*u. Suppose 4*p = -j + 8*p - 13, u = -2*j - p + 19. Is j prime?
True
Let z(q) = 7553*q + 20. Let k be z(-7). Is 2/(-16) + (k/(-24) - -1) a composite number?
False
Let q = 604 - 602. Let a = 4 + -2. Suppose 0*g = q*g + a*n - 1810, n = 2*g - 1816. Is g a prime number?
True
Suppose -3 = -6*s + 3*s. Let j(q) = q**2 + 9*q - 4. Let w(v) = v. Let b(i) = s*j(i) - 4*w(i). Is b(-7) prime?
False
Suppose -2*l + 6*l - 4 = -4*p, -4*l = 5*p - 1. Is (-8)/(-12) - 3241/p a prime number?
False
Suppose -5*c + 35790 + 4286 = 3*p, -2*p = 3*c - 26719. Is p a composite number?
False
Let g = 0 + 5. Let o be 308 + g + -2 + 0. Let i = -184 + o. Is i a prime number?
True
Is (-1 + (-2 - -4))/((-32)/(-295520)) composite?
True
Suppose 0*k + 9*k - 63 = 0. Suppose 4*y + 138 = 2*m, -m - y = -77 - k. Is m prime?
True
Let a = 17 - 15. Suppose -5*t + 165 = 5*d - a*d, 5*d - t - 275 = 0. Is d prime?
False
Suppose 2*g - p - 140619 = -3*g, 3*g + p - 84365 = 0. Is g composite?
False
Let k be (9/9)/((-2)/(-6)). Suppose -k*a + 3964 = 5*b, -4*b + b + 4*a + 2390 = 0. Is b composite?
True
Is (-5041 + 35)*(-1)/2 prime?
True
Let p = -1005 - -1998. Is p prime?
False
Let f(q) = 2*q**2 - 3*q - 2. Let o be f(-1). Suppose o*d + 260 = 7*d. Is d prime?
False
Suppose 16023 - 3203 = 5*k. Let a = 3847 - k. Is a prime?
True
Suppose -j = -6*j + 5. Let b(y) = -j - 11*y - 42*y + 24*y - 76*y. Is b(-8) a prime number?
True
Let t(x) = 2107*x - 337. Is t(8) a prime number?
True
Let c = 1413 + 301. Let a = c - 945. Is a prime?
True
Let k(v) = 20*v**3 + 4*v**2 + v - 3. Let o be k(7). Suppose -4*i + 3*z - 7*z + o = 0, 5*z - 1749 = -i. Is i a prime number?
False
Is 0 + 0 + (9 - -4)*439 a composite number?
True
Let x = -2753 + 5222. Let n = -1414 + x. Suppose 4*k + k - n = 0. Is k a prime number?
True
Let j(n) = 3*n**2 - 34*n - 516. Is j(55) composite?
False
Suppose 6*k = 33*k - 50247. Is k prime?
True
Suppose 2*a = 2, -9*a + 125719 = 4*t - 6*a. Is t prime?
False
Suppose -3*v + 2*v = -3*q - 11163, 5*v = 5*q + 55765. Is v/15 + (-3)/15 a composite number?
False
Let p(d) be the second derivative of -d**5/12 + 7*d**4/8 - 13*d**3/6 - 4*d. Let b(i) be the second derivative of p(i). Is b(-10) a prime number?
False
Suppose 106 - 575 = 5*m + o, -4*m - 381 = -5*o. Let t be m*3/12*6. Let d = t + 199. Is d prime?
False
Suppose 483 + 121 = -2*w. Let v = 371 - w. Is v a composite number?
False
Suppose -15 = t - 5*k, -t - k + 3 + 0 = 0. Suppose t = -5*l + 675 + 140. Is l a prime number?
True
Suppose 3*i + 239 = n - 132, 5*n - 1855 = 3*i. Is n composite?
True
Suppose -3*m - 4 = -4*m. Suppose 0*w = -m*w + 1676. Is w a prime number?
True
Suppose 0 = -3*z - 3*u + 21, 3*u = u + 10. Suppose 5*x - z*y = 2*y + 339, 2*y = -5*x + 333. Is x a composite number?
False
Let u = -22 - -32. Let l be (-10)/(-40) + u/(-8). Is (2/4)/(l/(-22)) a composite number?
False
Suppose 0 = 5*h - 3*v - 21 - 16, 0 = -2*v - 8. Suppose 2529 = h*c - 2*c. Is c composite?
True
Suppose 5*a + 3